= -17 - -43. Let k = 6 + -4. Suppose h = 2*g - 19, 0 = 5*h + 3 + k. What is the remainder when s is divided by g?
8
Let r(b) = 11*b**2 - 2*b - 1. Let h be (-5)/(-10) + (-6)/4. What is the remainder when 23 is divided by r(h)?
11
Let c = -3 - -7. Suppose 1 = c*h - 3. Calculate the remainder when 41 is divided by (14/3)/(h/3).
13
Suppose 14*g + 306 = 23*g. Calculate the remainder when 60 is divided by g.
26
Suppose -8*h + 28 = -4*h. What is the remainder when 26 is divided by h?
5
Let m = -92 + 94. What is the remainder when 5 is divided by m?
1
Let c(w) = w**2 + 12*w - 12. What is the remainder when 25 is divided by c(-14)?
9
Suppose 2*i - p = -9, -i - p + 5*p = 22. Calculate the remainder when 14 is divided by (-10)/(-1 - (3 + i)).
4
Let y = -61 + 161. Calculate the remainder when y is divided by 26.
22
Let h(z) = z. Let k be h(-2). Let y(q) = -q**2 + 6*q + 7. Calculate the remainder when (k/4)/((-1)/40) is divided by y(6).
6
Let f be (2 + (-2)/4)*-2. Calculate the remainder when 91 is divided by (f + 2)/2*-46.
22
Suppose -40 = -3*k + 2*k. Let a = k + -4. Let g = -17 - -30. Calculate the remainder when a is divided by g.
10
Let m = -14 + 28. Let p = 2 + m. What is the remainder when 45 is divided by p?
13
Let b = 3 + -3. Let q be 1 - (b + (0 - 1)). What is the remainder when 6 is divided by 0 - (-1 - 6/q)?
2
Let n = 26 + -17. What is the remainder when n is divided by 3?
0
Let p be 8/28 + (-292)/(-7). Let k = 79 - p. Calculate the remainder when k is divided by 13.
11
Let h = 0 + 8. Suppose -2*a + 0 = h. What is the remainder when 3 is divided by (a/(-1) + -2)*1?
1
Let m(c) = c + 33. Calculate the remainder when 137 is divided by m(-10).
22
Let h = 2 + 0. Suppose -5*w + 20 = -3*i + 80, 40 = 2*i - 3*w. What is the remainder when (-3)/(-2)*i/6 is divided by h?
1
Suppose -2*w = -4*w + 6. Let l be (3 - 2)*w/1. Suppose -h = j - 4, -l*j = 5*h - 0*j - 20. Calculate the remainder when h is divided by 2.
0
Let n(q) = q**3 + 5*q**2 - q - 1. Let c = -6 + 1. Let d = 5 - -2. Calculate the remainder when d is divided by n(c).
3
What is the remainder when 1 + (-7)/((-14)/228) is divided by 17?
13
Suppose 11 = y - 1. Calculate the remainder when (7 - 30)/(-1*1) is divided by y.
11
Suppose 0 = w - 4*t - 24, w - 4*t + 2*t = 16. What is the remainder when 21 is divided by w?
5
Suppose 2*b + 4 = 30. What is the remainder when 46 is divided by b?
7
Let l = 16 + -7. Suppose -3*g + 0*g + 75 = 0. What is the remainder when g is divided by l?
7
Let y(g) = g**3 - 8*g**2 + 16*g + 7. Let u(l) = 23*l**2 - l. Calculate the remainder when y(7) is divided by u(-1).
22
Suppose 0 = -5*v + 70 + 75. Let m = v - 12. What is the remainder when 67 is divided by m?
16
Let c = 3 - -18. What is the remainder when 61 is divided by c?
19
Suppose 0 = 3*o - 5*q - 42, 0*q - 2*q = 0. Calculate the remainder when 23 is divided by o.
9
Suppose -2*u = -110 - 514. Let s = u - -394. What is the remainder when s/10 - 10/(-25) is divided by 24?
23
Let k = -5 - -130. What is the remainder when k is divided by 32?
29
Let g be ((-2)/2)/(8/(-136)). Let i = g - 4. What is the remainder when 25 is divided by i?
12
Suppose 4*n = -h + 19, 0 = 4*h - 2*n - 4. Suppose -5*i - h = 3*j - 68, -2*i + 26 = -3*j. Calculate the remainder when 24 is divided by i.
11
Let l(j) = -j**3 + 8*j**2 - 8*j + 8. Suppose -2 = u - 8. Calculate the remainder when 95 is divided by l(u).
31
Let k be 1 + -3 - 4/4. Let l = k + -1. What is the remainder when (62/l)/(1/(-2)) is divided by 11?
9
Suppose 0 = 2*j - 2. Suppose -5*l - 9*h = -5*h - 19, 0 = l - 2*h - j. Calculate the remainder when l is divided by (-28)/49*-7*(-2)/(-4).
1
Suppose -5*t + 201 + 89 = 0. What is the remainder when 171 is divided by t?
55
Suppose 2*z = -f + 18, -100 = -5*f + 5*z + 35. Calculate the remainder when 46 is divided by f.
22
Let c(u) = u**3 - u**2 - 5*u + 2. Let d be -1*(-3 + 4)*-9. What is the remainder when ((-21)/d + 2)*-42 is divided by c(3)?
4
Suppose f - s = -3*s - 33, 5*f = s - 132. Let d = f - -38. Calculate the remainder when 30 is divided by d.
8
Suppose 4*d + 2*a = 912, -2*d - 41 = -5*a - 485. What is the remainder when d is divided by 19?
18
Suppose -6*r - i = -4*r - 26, 2*r = 3*i + 26. Calculate the remainder when 35 is divided by r.
9
Let a(w) = -w**3 - 2*w**2 - w + 5. Calculate the remainder when a(-6) is divided by 54.
47
Let p(a) = -5*a**2 - 5*a - 7. Let f(q) = -q**2 - 1. Let c(g) = 4*f(g) - p(g). Calculate the remainder when c(-5) is divided by 2.
1
Suppose -3*w + 13 = -14. Let p(n) = 2*n**3 + 1 - 3*n**3 + 11*n + 11 + 5*n**2 + 3*n**2. Calculate the remainder when p(w) is divided by 16.
14
Let l(a) = 7*a + 11. Let n(u) = -3*u - 6. Let i(k) = 4*l(k) + 9*n(k). What is the remainder when i(11) is divided by 1?
0
Calculate the remainder when 2/3*(1 - -56) is divided by 8.
6
Suppose h = 5*i - 30, 5*h = 2 + 23. What is the remainder when 17 is divided by i?
3
Let h(g) = g**3 + 17*g**2 - 22*g - 14. Calculate the remainder when h(-18) is divided by 20.
18
Let g be 3 + -6 - (-7 + 2). Suppose 3*s - 5*o = 118, g*s - 5 - 52 = -o. What is the remainder when 61 is divided by s?
30
Let g(b) = -17*b + 3. Let m(x) = 50*x - 10. Let d(u) = 7*g(u) + 2*m(u). Let s = -5 - -4. What is the remainder when 38 is divided by d(s)?
18
Let o(m) = -2*m - 2. Let j be o(3). Let p = 180 + -127. Calculate the remainder when p is divided by ((-4)/j)/(2/72).
17
Let r(l) = l**3 + l**2 - 7*l - 6. What is the remainder when r(5) is divided by 16?
13
Suppose 14 = -y - 4*z, 2*y - 6 = z + 11. Suppose 0 = s + 5*j - 6, -s + y*s + 4*j - 51 = 0. Calculate the remainder when 41 is divided by s.
8
Suppose -x - 1 = -5. Suppose -2*o + 30 = -4*o. Let s = -8 - o. Calculate the remainder when s is divided by x.
3
Let p(d) = -19*d - 1. Let s be (-2)/4*(-5 + 1). Suppose 23 = 3*f - 4*l, -4*l = -s*f + 6 + 12. What is the remainder when p(-1) is divided by f?
3
Let m(j) = j**3 - 5*j**2 - 2*j + 3. Let z be m(5). Let h = z - -2. Let y(u) = -u**2 - 7*u - 6. What is the remainder when 7 is divided by y(h)?
3
Let a be (-4 + 3)/((-2)/76). Let g = 64 - a. Calculate the remainder when g is divided by 9.
8
Let s = -16 - -22. Suppose -7*h + 45 = -s*h. Calculate the remainder when h is divided by 16.
13
Let l(z) = 19*z**2. Calculate the remainder when (5 - -1)*(3 + 3) is divided by l(1).
17
Calculate the remainder when 38 is divided by (2 - -6) + (-3 - -5).
8
Let c = -5 + 6. Let j = c + 5. Let p = -2 + j. Calculate the remainder when p is divided by 2.
0
Let a = 1 - -11. Suppose m + d = 6*d + 28, -3*d - 27 = -4*m. Suppose 0*s - 69 = -m*s. Calculate the remainder when s is divided by a.
11
Let o(b) = -32*b. Let n be o(-1). What is the remainder when -5 + 6 + n/2 is divided by 10?
7
Suppose 32 = -4*k + 2*k. Let l = 27 + k. What is the remainder when 42 is divided by l?
9
Let v be 15/4 + (-8)/(-32). Suppose v*a - 2*a - 10 = 0. What is the remainder when 7 is divided by a?
2
What is the remainder when -6*((-14)/6 + 3) + 81 is divided by 6?
5
Suppose 0 = 2*g + g - 222. Calculate the remainder when g is divided by 19.
17
Let o = -4 - -7. Suppose -2*w = -o*w. Suppose w*h + 2*h = 36. What is the remainder when 34 is divided by h?
16
Suppose -2*t = -a + 34, -t - 3 - 2 = 0. Calculate the remainder when 46 is divided by a.
22
Let y = -8 + 54. What is the remainder when y is divided by 24?
22
Let n = -7 + 13. Suppose n*u = u + 105. Calculate the remainder when 81 is divided by u.
18
Let z be (-3)/(-12) - (-1)/(-4). Suppose z = w + 5*u - 34, 4*u = -5*w + 2*w + 124. What is the remainder when w is divided by 15?
14
What is the remainder when 12 is divided by (4/10)/((-27)/(-405))?
0
Let v(a) = 56*a + 2. Calculate the remainder when v(1) is divided by 30.
28
Suppose 0 = 5*g - x - 173, 4*x - 8*x - 46 = -g. What is the remainder when 100 is divided by g?
32
What is the remainder when -2*2*(-58)/8 is divided by 5?
4
Let o = -9 + 18. Suppose o = 5*w - 2*w. What is the remainder when w is divided by 2?
1
Let r = -53 - -65. Let h(f) = -f**2 + f + 47. Calculate the remainder when h(0) is divided by r.
11
Let a = -8 - -19. Let t be ((-4)/(-5))/((-2)/(-5)). Suppose 0 = -3*h - t*y + 58, 4*h - y - 105 = -24. What is the remainder when h is divided by a?
9
Suppose 14 = 16*b - 14*b. Suppose -2*q + 31 = 5*h - 0*h, 4*q + 3*h = 27